f s and 10.
10
Suppose 2*o = -2*o + 20. Suppose 0 = -o*v - 110 + 355. Calculate the greatest common divisor of 7 and v.
7
Let u = 1 - 12. Let a = 18 + u. What is the highest common factor of 14 and a?
7
Suppose 3*b = 27 - 0. What is the greatest common factor of 27 and b?
9
Let n(q) = 2*q**2 + 14*q + 8. Let u be n(-11). Calculate the highest common factor of 12 and u.
12
Let h(v) = -3*v - 7. Suppose 4*j + 18 + 10 = 0. Let l be h(j). What is the greatest common divisor of l and 70?
14
Suppose i = -5*g + 31, -3*g - 2*i + 4 = -16. Calculate the greatest common factor of 2 and g.
2
Suppose q = 4*i - 36, 4*q + 14 - 10 = 2*i. Let y be ((-10)/(-6))/((-1)/(-15)). What is the greatest common factor of y and i?
5
Let h(g) = -g**2 - 10*g + 9. Let p be h(-10). Let r = 9 + p. Calculate the highest common divisor of 2 and r.
2
Let s = 118 - 88. Calculate the greatest common divisor of s and 180.
30
Suppose 4*d + 190 = 5*y, 2 = y - 3*d - 25. Let z(x) = -x**2 - 3*x - 2. Let u be z(-2). Suppose -12 = -2*n - u. What is the greatest common divisor of n and y?
6
Let v be (-6)/18*(-12)/1. Suppose b = -v + 20. Calculate the highest common factor of 48 and b.
16
Let m(u) = -6*u - 1. Let i(z) = z**2 + 7*z + 8. Let j be i(-7). Suppose -4*c = j - 0. Let s be m(c). What is the greatest common factor of s and 1?
1
Suppose -3*d - 9 = -4*m, 2*m + 7 = 5*m - 2*d. Suppose m*k - 2*k = 70. Calculate the greatest common factor of k and 10.
10
Let t be 3/1*(5 + -14). Suppose 1 = 5*a + 2*y + 5, -2*y - 4 = -4*a. Let c = a - t. What is the highest common divisor of c and 18?
9
Suppose 45 = 7*r - 4*r. What is the greatest common factor of r and 10?
5
Suppose -4*z - 3*l + 100 = 0, -z + 25 = -4*l + 6*l. What is the greatest common factor of 10 and z?
5
Suppose -5 - 1 = -w. Suppose -5*y = s - 2*s + w, -y + 1 = 2*s. Let a be 0/1 - s*-220. Calculate the highest common factor of a and 20.
20
Suppose 24 = 7*n - 4*n. Calculate the greatest common factor of n and 8.
8
Let q(j) = 7*j**2 - 2*j + 3. Let a(l) be the first derivative of l**2 - 5*l - 2. Let d be a(5). Let k be q(d). Calculate the highest common factor of 21 and k.
21
Let a(d) = -d**2 + 7*d. Let s be a(7). Suppose 5*l + 7 + 48 = s. Let v = -1 - l. What is the greatest common factor of v and 2?
2
Let z(p) = -p**3 + 5*p**2 + 9*p - 5. Let i be z(6). Let b(j) = 5*j + i - 12 - 4*j. Let g be b(3). Calculate the greatest common factor of g and 6.
2
Let f(i) = 80*i**3 + i**2 - 2*i + 1. Let n be f(1). Calculate the highest common divisor of 16 and n.
16
Suppose -q - 17 = -2*z, z - 19 = 2*q - 0*z. Let s(f) = f**3 + 6*f**2 - 8*f - 6. Let d be s(q). What is the greatest common factor of d and 1?
1
Let o be (-9)/3 + (3 - 6) + 83. Suppose -3*v + 2*v + 11 = 0. Calculate the greatest common divisor of v and o.
11
Let c(z) = -423*z**2 - z. Let h = 0 + 1. Let u be c(h). Let m = -270 - u. What is the highest common divisor of m and 14?
14
Let m be -6 + (-1 - -3 - 0). Let w(f) = -f - 2. Let y be w(m). Calculate the highest common divisor of 2 and y.
2
Suppose t + 3*f - 232 = 0, t + 2*f = 6*t - 1109. Let y = t - 146. Let n = 15 + -8. Calculate the highest common factor of y and n.
7
Let p be -2 - ((-6)/(-9) + (-98)/3). What is the highest common factor of p and 6?
6
Suppose -5 + 1 = -a. Suppose 5*k - 11 = -1. Suppose -k = -2*d - 0. Calculate the greatest common divisor of d and a.
1
Let d(z) = -z**3 + 14*z**2 + 13*z - 9. Let a be d(15). Let j be (-988)/a + (-2)/6. Calculate the greatest common divisor of j and 5.
5
Let y be 424/14 + (-6)/21. Calculate the greatest common divisor of y and 75.
15
Suppose 19*u + 798 = 38*u. Let g be (-2)/((-1)/14 + 0). Calculate the greatest common divisor of u and g.
14
Let g = 37 + -29. Let m(v) = -v**3 - 3*v**2 - 2*v + 2. Let x be m(-3). Suppose b = g + x. Calculate the highest common divisor of 112 and b.
16
Let r(l) = 3*l + 1. Let g be r(3). Let b = 11 - 8. Suppose 4*a - 5*a = -h - 24, -b*h - 12 = 0. Calculate the greatest common divisor of a and g.
10
Let i = 27 + -11. Calculate the highest common factor of i and 144.
16
Let v be ((-5)/(-2))/((-2)/(-4)). Let x = 14 - v. Calculate the greatest common divisor of 36 and x.
9
Let l be 15*(11/3 - 3). What is the highest common factor of l and 40?
10
Suppose 2*l - 92 - 58 = 0. Calculate the greatest common divisor of l and 15.
15
Suppose -c + 69 = 3*o, 0 = -0*c - 4*c + 2*o + 234. Suppose 3*q = -0*q + 2*u + c, -5*u + 37 = q. Calculate the greatest common factor of q and 55.
11
Suppose 3*o + 3*x - 17 = 160, -o - 3*x = -57. Let p = 20 - 5. What is the greatest common factor of o and p?
15
Suppose n = 3*i + i + 392, 0 = i + 2*n + 98. Let h = -62 - i. Suppose -5*m = -4*x - 100, 3*m - x - 47 = 4*x. What is the highest common divisor of h and m?
12
Let m be (0 - -104) + -2 + 3. Calculate the greatest common factor of m and 21.
21
Let n = -96 - -152. What is the greatest common divisor of 140 and n?
28
Suppose -56 + 16 = -4*n. Calculate the greatest common divisor of n and 50.
10
Let f = 6 - 4. Calculate the highest common factor of 6 and f.
2
Let u(d) be the second derivative of d**4/12 + 5*d**3/3 - 3*d**2 + 2*d. Let t be u(-12). Calculate the greatest common divisor of 180 and t.
18
Let d(w) = -w**2 - 4*w + 4. Let r be d(-5). Let l be (-4 - -1)*r - -6. Let b = -5 + l. Calculate the highest common factor of 16 and b.
4
Suppose -3*r + 8*h - 3*h - 19 = 0, 5*h - 21 = 2*r. Suppose -d + 4 = r. Calculate the greatest common divisor of d and 22.
2
Let z(t) = -26*t. Let w be z(-1). Let v = 53 - w. Let o = -14 - -32. What is the highest common factor of o and v?
9
Let b = 0 + 3. Let n = 1 - 1. Suppose n = 5*o + b*d - 46, -4*d = 2*o - 15 + 5. What is the highest common divisor of o and 88?
11
Let s(c) = -3*c + 4. Let m be s(-4). Suppose m = 2*t - 0*t. Calculate the highest common factor of t and 24.
8
Suppose 5*i = 2*n - 10, -i + 0*i = -5*n - 21. Let x be (-76)/(-10) + i/(-10). Calculate the greatest common factor of x and 1.
1
Let p = -28 + 56. What is the greatest common factor of 252 and p?
28
Let o(l) = l**3 - 9*l**2 + 6*l - 10. Let j be o(9). Suppose 7*z - 3*z - 20 = 0. Suppose z*h - 55 = -0*h. Calculate the highest common divisor of j and h.
11
Let v = 24 - 21. Let u = v + 6. What is the greatest common factor of u and 9?
9
Let a = -26 + 36. What is the highest common factor of a and 1?
1
Suppose -3*v + 2*v + 8 = w, -3*w = -2*v + 21. What is the greatest common factor of 45 and v?
9
Let m(l) = -l**2 - 7*l - 7. Let c = -2 + -3. Let p be m(c). Suppose -9 = -0*a - p*a. Calculate the greatest common divisor of 12 and a.
3
Suppose 8*o - 264 = -16*o. Suppose -3*c = -2*q - 289, 0 = 5*c + 5*q - 372 - 143. What is the highest common factor of o and c?
11
Let l = -66 - -93. Suppose 5*t - 6 = 3*t, 3*t - l = -2*g. What is the highest common factor of 9 and g?
9
Suppose -5*q = 2*x - 56, 0 = 3*x - 2*q - 0*q - 65. Calculate the highest common factor of x and 23.
23
Let z be -1 + 126/(3 + -1). What is the greatest common divisor of z and 31?
31
Suppose 0 = 4*f + 9 - 73. Let j(x) be the second derivative of -5*x**3/3 - x**2 + x. Let q be j(-5). Calculate the highest common factor of q and f.
16
Suppose 4*x = 5*x - 16. What is the highest common factor of x and 4?
4
Suppose 48 = 4*m + 2*m. Calculate the greatest common divisor of 20 and m.
4
Let y be (4 - 2)/((-1)/48). Let n(g) = g**3 - 6*g**2 - 9*g + 17. Let l be n(7). Let u be (l/4)/((-2)/y). Calculate the highest common factor of u and 4.
4
Suppose -61*n + 90 = -58*n. What is the greatest common factor of 30 and n?
30
Let y = 1 + -1. Suppose y = 2*n - 0*n - 4. Suppose 6*j = j - 3*z + 45, 2*j - 14 = -2*z. Calculate the highest common factor of j and n.
2
Suppose l - 4*l - 14 = -o, -3*o + 26 = -5*l. What is the greatest common factor of 18 and o?
2
Let p be 7 + (-25)/3 + 98/6. Let k(u) = -24*u + 3. Let g be k(-3). What is the highest common factor of g and p?
15
Let w(u) = -u + 14. Suppose 5*n = -0*n + 55. Let b be w(n). Calculate the greatest common divisor of 6 and b.
3
Let c(f) be the third derivative of f**6/120 + f**5/15 - 3*f**2. Let b be c(-3). Suppose -12 + 417 = 5*k. What is the highest common divisor of k and b?
9
Let j(h) = h**2 - 10*h + 9. Let r be j(9). Suppose -g - 2*g + 12 = r. What is the greatest common factor of g and 44?
4
Let